{"id":367,"date":"2016-04-20T22:45:14","date_gmt":"2016-04-20T20:45:14","guid":{"rendered":"http:\/\/gokladek.pl\/?page_id=367"},"modified":"2016-07-28T22:50:00","modified_gmt":"2016-07-28T20:50:00","slug":"praga-9-10-wrzesnia-2016","status":"publish","type":"page","link":"https:\/\/gokladek.pl\/index.php\/praga-9-10-wrzesnia-2016\/","title":{"rendered":"PRAGA 9-10 wrze\u015bnia 2016"},"content":{"rendered":"<p>16 kwietnia<\/p>\n<p>godz. 6.00 \u2013 Wyjazd (z miejsc ustalonych)<br \/>\ngodz. 9.30 \u2013 10.00. Trzebnica. Wizyta w Sanktuarium s. Boromeuszek. Zwiedzanie Sarkofagu \u015bw. Jadwigi \u015al\u0105skiej<br \/>\ngodz. 12.30 \u2013 Nowa Ruda (zwiedzanie zabytkowej kopalni w\u0119gla kamiennego)<br \/>\ngodz.14.00. Kudowa Zdr\u00f3j (park zdrojowy, Kaplica Czaszek)<br \/>\ngodz. 18.00. Zakwaterowanie w O\u015brodku Wypoczynkowym \u201eLissa\u201d \u2013 Duszniki Zdr\u00f3j<br \/>\ngodz. 19.00. Obiadokolacja<\/p>\n<p>17 kwietnia<\/p>\n<p>godz. 7.00 &#8211; \u015bniadanie<br \/>\ngodz. 8.00 &#8211; przejazd do Pragi: zwiedzanie miasta z przewodnikiem praskim:<br \/>\nKlasztor Strahov, Rynek Hradca\u0144ski, Zamek Praski, Katedra \u015aw. Wita, Stary Pa\u0142ac Kr\u00f3lewski, Bazylika \u015aw. Jerzego,\u00a0 Z\u0142ota Uliczka, Wie\u017ca Daliborka ( z uwzgl\u0119dnieniem czasu wolnego)<br \/>\ngodz.16.00 \u2013 Wyjazd w drog\u0119 powrotn\u0105<br \/>\ngodz. 19.00 \u2013 Obiad w restauracji Boguszyn<br \/>\ngodz. 24.00 \u2013 Planowany powr\u00f3t<br \/>\n\u015awiadczenia:<\/p>\n<p>nocleg w O\u015brodku Wypoczynkowym \u201eLissa\u201d<br \/>\n\u015bniadanie, obiadokolacja z napojem, obiad na trasie przejazdu<br \/>\nopieka pilota, przewodnik w Pradze i Ziemi K\u0142odzkiej, taxa praska<br \/>\nautokar z op\u0142atami parkingowymi<br \/>\nW cen\u0119 nie s\u0105 wliczone bilety do zwiedzanych obiekt\u00f3w: 25 z\u0142 (Kaplica Czaszek, kopalnia)<\/p>\n<p>Koszt 230 z\u0142\/osoba dla 50 uczestnik\u00f3w, 220 z\u0142\/osoba dla 60 uczestnik\u00f3w<br \/>\nZapisy: Tomasz Frankowski, Tel. 504\u00a0106 305<\/p>\n","protected":false},"excerpt":{"rendered":"<p>16 kwietnia godz. 6.00 \u2013 Wyjazd (z miejsc ustalonych) godz. 9.30 \u2013 10.00. Trzebnica. Wizyta w Sanktuarium s. Boromeuszek. Zwiedzanie Sarkofagu \u015bw. Jadwigi \u015al\u0105skiej godz. 12.30 \u2013 Nowa Ruda (zwiedzanie zabytkowej kopalni w\u0119gla kamiennego) godz.14.00. Kudowa Zdr\u00f3j (park zdrojowy, Kaplica Czaszek) godz. 18.00. Zakwaterowanie w O\u015brodku Wypoczynkowym \u201eLissa\u201d \u2013 Duszniki Zdr\u00f3j godz. 19.00. Obiadokolacja 17 [&hellip;]<\/p>\n","protected":false},"author":1,"featured_media":0,"parent":0,"menu_order":0,"comment_status":"closed","ping_status":"closed","template":"","meta":{"footnotes":"","_mc_calendar":[]},"_links":{"self":[{"href":"https:\/\/gokladek.pl\/index.php\/wp-json\/wp\/v2\/pages\/367"}],"collection":[{"href":"https:\/\/gokladek.pl\/index.php\/wp-json\/wp\/v2\/pages"}],"about":[{"href":"https:\/\/gokladek.pl\/index.php\/wp-json\/wp\/v2\/types\/page"}],"author":[{"embeddable":true,"href":"https:\/\/gokladek.pl\/index.php\/wp-json\/wp\/v2\/users\/1"}],"replies":[{"embeddable":true,"href":"https:\/\/gokladek.pl\/index.php\/wp-json\/wp\/v2\/comments?post=367"}],"version-history":[{"count":5,"href":"https:\/\/gokladek.pl\/index.php\/wp-json\/wp\/v2\/pages\/367\/revisions"}],"predecessor-version":[{"id":765,"href":"https:\/\/gokladek.pl\/index.php\/wp-json\/wp\/v2\/pages\/367\/revisions\/765"}],"wp:attachment":[{"href":"https:\/\/gokladek.pl\/index.php\/wp-json\/wp\/v2\/media?parent=367"}],"curies":[{"name":"wp","href":"https:\/\/api.w.org\/{rel}","templated":true}]}}