{"id":372,"date":"2016-04-20T22:48:54","date_gmt":"2016-04-20T20:48:54","guid":{"rendered":"http:\/\/gokladek.pl\/?page_id=372"},"modified":"2016-04-20T22:50:01","modified_gmt":"2016-04-20T20:50:01","slug":"krakow-zakopane-wadowice-oswiecim-sladami-jana-pawla-ii-17-19-czerwca-2016","status":"publish","type":"page","link":"https:\/\/gokladek.pl\/index.php\/krakow-zakopane-wadowice-oswiecim-sladami-jana-pawla-ii-17-19-czerwca-2016\/","title":{"rendered":"Krak\u00f3w \u2013 Zakopane \u2013 Wadowice \u2013 O\u015bwi\u0119cim  (\u015bladami Jana Paw\u0142a II) 17-19 czerwca 2016"},"content":{"rendered":"<p>1 dzie\u0144<\/p>\n<p>Godz. 5.00 \u2013 wyjazd z miejsc ustalonych<br \/>\nGodz. 12.00 \u2013 Przyjazd do Krakowa, zwiedzanie miasta z przewodnikiem (Mury staromiejskie, Barbakan, Sukiennice, Uniwersytet Jagiello\u0144ski, Wawel, Stare Miasto)<br \/>\nGodz. 16.00 \u2013 Przejazd do Bia\u0142ego Dunajca<br \/>\nGodz. 18.00 \u2013 Zakwaterowanie w pensjonacie<br \/>\nGodz. 19.00 \u2013 Obiadokolacja<br \/>\n2 dzie\u0144<\/p>\n<p>Godz. 8.00 \u2013 \u015bniadanie<br \/>\nGodz. 900 \u2013 Dwa warianty do wyboru<br \/>\n&#8211; pobyt na termach Podhala\u0144skich &#8211; Szklary<br \/>\n&#8211; wycieczka nad Morskie Oko<br \/>\nGodz. 17.00 \u2013 Krup\u00f3wki (spacer i zakupy pod Guba\u0142\u00f3wk\u0105)<br \/>\nGodz. 18.00 &#8211; Powr\u00f3t do pensjonatu<br \/>\nGodz. 19.00 \u2013 Obiadokolacja<br \/>\nGodz. 20.00 \u2013 Przeja\u017cd\u017cka g\u00f3ralskimi bryczkami po Bia\u0142ym Dunajcu<\/p>\n<p>3 dzie\u0144<\/p>\n<p>Godz. 8.00 \u2013 \u015aniadanie<br \/>\nGodz. 9.00 \u2013 Pobranie baga\u017cu i wyjazd w tras\u0119 powrotn\u0105<br \/>\nGodz. 11.00 \u2013 Wadowice (rodzinne miasto Jana Paw\u0142a II, spacer po Rynku, zwiedzanie domu papieskiego i ko\u015bcio\u0142a parafialnego)<br \/>\nGodz. 13.00 \u2013 O\u015bwi\u0119cim (zwiedzanie muzeum Auschwitz \u2013 Birkenau<br \/>\nGodz. 17.00 \u2013 Wyjazd w drog\u0119 powrotn\u0105<br \/>\nGodz. 12.00 \u2013 Planowany powr\u00f3t do domu<br \/>\n\u015awiadczenia:<br \/>\n-Autokar<br \/>\n&#8211; pilot, przewodnik na czas trwania wycieczki, przewodnik po Krakowie, przewodnik g\u00f3rski<br \/>\n&#8211; 2 noclegi w pensjonacie (pokoje 2,3,4,6 osobowe)<br \/>\n&#8211; 2 obiadokolacje<br \/>\n&#8211; 2 \u015bniadania<br \/>\n&#8211; obiad na trasie przejazdu<br \/>\n&#8211; przeja\u017cd\u017cka bryczkami<br \/>\n&#8211; bilet wst\u0119pu do Muzeum Auschwitz \u2013 Birkenau<br \/>\nBilety wst\u0119pu do Tatrza\u0144skiego Parku Narodowego i na baseny termalne uczestnicy kupuj\u0105 we w\u0142asnym zakresie<\/p>\n<p>Cena: 420 z\u0142otych\/osoba<br \/>\nLiczba miejsc jest ograniczona, decyduje kolejno\u015b\u0107 zg\u0142osze\u0144. Informacje i zapisy: GOK, p. Iwona Szubi\u0144ska<\/p>\n","protected":false},"excerpt":{"rendered":"<p>1 dzie\u0144 Godz. 5.00 \u2013 wyjazd z miejsc ustalonych Godz. 12.00 \u2013 Przyjazd do Krakowa, zwiedzanie miasta z przewodnikiem (Mury staromiejskie, Barbakan, Sukiennice, Uniwersytet Jagiello\u0144ski, Wawel, Stare Miasto) Godz. 16.00 \u2013 Przejazd do Bia\u0142ego Dunajca Godz. 18.00 \u2013 Zakwaterowanie w pensjonacie Godz. 19.00 \u2013 Obiadokolacja 2 dzie\u0144 Godz. 8.00 \u2013 \u015bniadanie Godz. 900 \u2013 Dwa [&hellip;]<\/p>\n","protected":false},"author":1,"featured_media":0,"parent":0,"menu_order":0,"comment_status":"closed","ping_status":"closed","template":"","meta":{"footnotes":"","_mc_calendar":[]},"_links":{"self":[{"href":"https:\/\/gokladek.pl\/index.php\/wp-json\/wp\/v2\/pages\/372"}],"collection":[{"href":"https:\/\/gokladek.pl\/index.php\/wp-json\/wp\/v2\/pages"}],"about":[{"href":"https:\/\/gokladek.pl\/index.php\/wp-json\/wp\/v2\/types\/page"}],"author":[{"embeddable":true,"href":"https:\/\/gokladek.pl\/index.php\/wp-json\/wp\/v2\/users\/1"}],"replies":[{"embeddable":true,"href":"https:\/\/gokladek.pl\/index.php\/wp-json\/wp\/v2\/comments?post=372"}],"version-history":[{"count":2,"href":"https:\/\/gokladek.pl\/index.php\/wp-json\/wp\/v2\/pages\/372\/revisions"}],"predecessor-version":[{"id":375,"href":"https:\/\/gokladek.pl\/index.php\/wp-json\/wp\/v2\/pages\/372\/revisions\/375"}],"wp:attachment":[{"href":"https:\/\/gokladek.pl\/index.php\/wp-json\/wp\/v2\/media?parent=372"}],"curies":[{"name":"wp","href":"https:\/\/api.w.org\/{rel}","templated":true}]}}

Kraków – Zakopane – Wadowice – Oświęcim  (śladami Jana Pawła II) 17-19 czerwca 2016

<p>1 dzień</p>
<p>Godz. 5.00 – wyjazd z miejsc ustalonych<br />
Godz. 12.00 – Przyjazd do Krakowa, zwiedzanie miasta z przewodnikiem (Mury staromiejskie, Barbakan, Sukiennice, Uniwersytet Jagielloński, Wawel, Stare Miasto)<br />
Godz. 16.00 – Przejazd do Białego Dunajca<br />
Godz. 18.00 – Zakwaterowanie w pensjonacie<br />
Godz. 19.00 – Obiadokolacja<br />
2 dzień</p>
<p>Godz. 8.00 – śniadanie<br />
Godz. 900 – Dwa warianty do wyboru<br />
&#8211; pobyt na termach Podhalańskich &#8211; Szklary<br />
&#8211; wycieczka nad Morskie Oko<br />
Godz. 17.00 – Krupówki (spacer i zakupy pod Gubałówką)<br />
Godz. 18.00 &#8211; Powrót do pensjonatu<br />
Godz. 19.00 – Obiadokolacja<br />
Godz. 20.00 – Przejażdżka góralskimi bryczkami po Białym Dunajcu</p>
<p>3 dzień</p>
<p>Godz. 8.00 – Śniadanie<br />
Godz. 9.00 – Pobranie bagażu i wyjazd w trasę powrotną<br />
Godz. 11.00 – Wadowice (rodzinne miasto Jana Pawła II, spacer po Rynku, zwiedzanie domu papieskiego i kościoła parafialnego)<br />
Godz. 13.00 – Oświęcim (zwiedzanie muzeum Auschwitz – Birkenau<br />
Godz. 17.00 – Wyjazd w drogę powrotną<br />
Godz. 12.00 – Planowany powrót do domu<br />
Świadczenia:<br />
-Autokar<br />
&#8211; pilot, przewodnik na czas trwania wycieczki, przewodnik po Krakowie, przewodnik górski<br />
&#8211; 2 noclegi w pensjonacie (pokoje 2,3,4,6 osobowe)<br />
&#8211; 2 obiadokolacje<br />
&#8211; 2 śniadania<br />
&#8211; obiad na trasie przejazdu<br />
&#8211; przejażdżka bryczkami<br />
&#8211; bilet wstępu do Muzeum Auschwitz – Birkenau<br />
Bilety wstępu do Tatrzańskiego Parku Narodowego i na baseny termalne uczestnicy kupują we własnym zakresie</p>
<p>Cena: 420 złotych/osoba<br />
Liczba miejsc jest ograniczona, decyduje kolejność zgłoszeń. Informacje i zapisy: GOK, p. Iwona Szubińska</p>

<p>1 dzień Godz. 5.00 – wyjazd z miejsc ustalonych Godz. 12.00 – Przyjazd do Krakowa, zwiedzanie miasta z przewodnikiem (Mury staromiejskie, Barbakan, Sukiennice, Uniwersytet Jagielloński, Wawel, Stare Miasto) Godz. 16.00 – Przejazd do Białego Dunajca Godz. 18.00 – Zakwaterowanie w pensjonacie Godz. 19.00 – Obiadokolacja 2 dzień Godz. 8.00 – śniadanie Godz. 900 – Dwa [&hellip;]</p>
